git of 1284851?
8
What is the hundred thousands digit of 160228?
1
What is the tens digit of 728222?
2
What is the thousands digit of 22054500?
4
What is the units digit of 393539?
9
What is the thousands digit of 18803777?
3
What is the units digit of 532450?
0
What is the units digit of 384189?
9
What is the ten thousands digit of 2015310?
1
What is the tens digit of 14532628?
2
What is the ten thousands digit of 436478?
3
What is the hundreds digit of 60714?
7
What is the ten thousands digit of 47591?
4
What is the units digit of 1529008?
8
What is the tens digit of 1841979?
7
What is the tens digit of 1500903?
0
What is the hundreds digit of 2747579?
5
What is the ten thousands digit of 5401066?
0
What is the ten thousands digit of 1770375?
7
What is the tens digit of 22936420?
2
What is the units digit of 181080?
0
What is the ten thousands digit of 2104760?
0
What is the tens digit of 3109806?
0
What is the tens digit of 3534914?
1
What is the thousands digit of 4082504?
2
What is the thousands digit of 544945?
4
What is the ten thousands digit of 7998975?
9
What is the thousands digit of 7401730?
1
What is the millions digit of 9728749?
9
What is the units digit of 182430?
0
What is the hundreds digit of 506403?
4
What is the tens digit of 89094?
9
What is the hundred thousands digit of 934356?
9
What is the ten millions digit of 14618951?
1
What is the thousands digit of 3248570?
8
What is the thousands digit of 31573147?
3
What is the tens digit of 472548?
4
What is the tens digit of 183573?
7
What is the thousands digit of 130604?
0
What is the ten millions digit of 14908662?
1
What is the tens digit of 2125826?
2
What is the thousands digit of 1280698?
0
What is the hundreds digit of 4837598?
5
What is the units digit of 337453?
3
What is the tens digit of 11734769?
6
What is the ten thousands digit of 669421?
6
What is the tens digit of 1384524?
2
What is the thousands digit of 131136?
1
What is the hundred thousands digit of 28919322?
9
What is the units digit of 179406?
6
What is the ten thousands digit of 349455?
4
What is the hundreds digit of 6753860?
8
What is the millions digit of 1181009?
1
What is the hundreds digit of 238468?
4
What is the ten thousands digit of 10028911?
2
What is the tens digit of 4109786?
8
What is the thousands digit of 5633281?
3
What is the ten thousands digit of 30823?
3
What is the ten thousands digit of 448590?
4
What is the tens digit of 490560?
6
What is the hundreds digit of 14444?
4
What is the ten thousands digit of 78641?
7
What is the ten thousands digit of 17825?
1
What is the thousands digit of 841634?
1
What is the tens digit of 4776613?
1
What is the hundreds digit of 5278698?
6
What is the thousands digit of 2139009?
9
What is the ten thousands digit of 20782726?
8
What is the hundred thousands digit of 2272540?
2
What is the ten thousands digit of 3023327?
2
What is the hundreds digit of 23684802?
8
What is the ten thousands digit of 3504523?
0
What is the hundred thousands digit of 3577050?
5
What is the units digit of 458989?
9
What is the ten thousands digit of 132459?
3
What is the hundred thousands digit of 201062?
2
What is the units digit of 251012?
2
What is the hundreds digit of 70498?
4
What is the units digit of 49655?
5
What is the units digit of 479414?
4
What is the hundreds digit of 2961211?
2
What is the thousands digit of 77818?
7
What is the units digit of 7824131?
1
What is the tens digit of 9495670?
7
What is the units digit of 2259623?
3
What is the hundred thousands digit of 517532?
5
What is the tens digit of 592212?
1
What is the thousands digit of 570284?
0
What is the tens digit of 5275690?
9
What is the thousands digit of 749044?
9
What is the hundred thousands digit of 2313516?
3
What is the thousands digit of 51689?
1
What is the tens digit of 6891322?
2
What is the units digit of 33967?
7
What is the tens digit of 139644?
4
What is the tens digit of 956370?
7
What is the millions digit of 17319283?
7
What is the hundreds digit of 241385?
3
What is the ten thousands digit of 198869?
9
What is the hundreds digit of 155201?
2
What is the thousands digit of 338177?
8
What is the tens digit of 130656?
5
What is the millions digit of 1528053?
1
What is the ten thousands digit of 1333399?
3
What is the millions digit of 21223299?
1
What is the millions digit of 5544300?
5
What is the ten thousands digit of 397159?
9
What is the tens digit of 1740343?
4
What is the thousands digit of 740356?
0
What is the hundred thousands digit of 166860?
1
What is the hundreds digit of 3956420?
4
What is the thousands digit of 15726841?
6
What is the ten thousands digit of 193009?
9
What is the tens digit of 14651?
5
What is the units digit of 9938432?
2
What is the units digit of 351387?
7
What is the hundreds digit of 157543?
5
What is the units digit of 3862761?
1
What is the millions digit of 3285379?
3
What is the tens digit of 187960?
6
What is the units digit of 5578343?
3
What is the hundred thousands digit of 27907623?
9
What is the tens digit of 370311?
1
What is the tens digit of 7407803?
0
What is the hundred thousands digit of 143112?
1
What is the hundred thousands digit of 2024848?
0
What is the millions digit of 2845878?
2
What is the ten thousands digit of 749352?
4
What is the hundred thousands digit of 27612389?
6
What is the ten thousands digit of 67459?
6
What is the ten thousands digit of 278432?
7
What is the units digit of 10887656?
6
What is the ten thousands digit of 913823?
1
What is the thousands digit of 56683?
6
What is the thousands digit of 2365599?
5
What is the ten thousands digit of 1236101?
3
What is the millions digit of 4564636?
4
What is the ten thousands digit of 231336?
3
What is the ten thousands digit of 19361?
1
What is the ten thousands digit of 1591076?
9
What is the hundred thousands digit of 967959?
9
What is the ten thousands digit of 5049776?
4
What is the hundred thousands digit of 748338?
7
What is the thousands digit of 368894?
8
What is the hundreds digit of 16564507?
5
What is the units digit of 141569?
9
What is the hundreds digit of 12391342?
3
What is the tens digit of 1108699?
9
What is the hundreds digit of 17414437?
4
What is the thousands digit of 695588?
5
What is the units digit of 186819?
9
What is the units digit of 737571?
1
What is the ten thousands digit of 6880082?
8
What is the ten thousands digit of 3447792?
4
What is the thousands digit of 161253?
1
What is the thousands digit of 4000553?
0
What is the ten thousands digit of 321648?
2
What is the units digit of 3169028?
8
What is the hundred thousands digit of 6423643?
4
What is the thousands digit of 391731?
1
What is the ten thousands digit of 35423?
3
What is the tens digit of 17150315?
1
What is the hundreds digit of 4950733?
7
What is the hundred thousands digit of 576675?
5
What is the thousands digit of 681612?
1
What is the hundreds digit of 3963112?
1
What is the ten thousands digit of 7984749?
8
What is the millions digit of 2643290?
2
What is the hundred thousands digit of 3499898?
4
What is the millions digit of 27431209?
7
What is the hundreds digit of 352711?
7
What is the ten thousands digit of 966145?
6
What is the units digit of 418359?
9
What is the hundreds digit of 15797?
7
What is the tens digit of 289998?
9
What is the hundred thousands digit of 1812101?
8
What is the hundred thousands digit of 3182336?
1
What is the ten thousands digit of 4218310?
1
What is the thousands digit of 230232?
0
What is the ten thousands digit of 60004?
6
What is the ten thousands digit of 3386621?
8
What is the thousands digit of 187657?
7
What is the tens digit of 19759133?
3
What is the tens digit of 674447?
4
What is the thousands digit of 2164726?
4
What is the hundred thousands digit of 374131?
3
What is the units digit of 139794?
4
What is the thousands digit of 2598884?
8
What is the hundreds digit of 221264?
2
What is the hundred thousands digit of 7383163?
3
What is the ten thousands digit of 186451?
8
What is the hundred thousands digit of 666003?
6
What is the thousands digit of 358458?
8
What is the hundreds digit of 3227973?
9
What is the thousands digit of 271731?
1
What is the units digit of 190325?
5
What is the millions digit of 230